) = -4568596*a**2 + 4568597*a**2 - 2 - 12*a - 2 + 8. Calculate v(8).
-28
Let n be (-2 + 112/21)*(-18)/15. Let u be 1 - ((-28)/n + -8). Let o(k) = -6*k + 7. Give o(u).
-5
Let p(u) = -9*u - 4. Let c(i) = -2*i - 1. Let z(l) = -5*c(l) + 2*p(l). Let g be ((-2)/5)/(1/5). What is z(g)?
13
Let o be 4*10/8*(-183)/(-305). Suppose -6*p + p + 25 = 0. Let w(m) = -4*m**3 - 4 - 6*m + 9*m**2 - 6*m**3 - p + 9*m**o. Give w(8).
7
Let h = -46 + 42. Suppose 15 = 7*c - 6. Let x(j) = -6 + 13*j**2 - 9*j**2 - 5*j**2 + 0*j**2 - c*j. Give x(h).
-10
Suppose -3*u + z = -10, -15 = -4*u - 4*z - 7. Let m(x) = -3 - x + 1 + x**2 + 0*x - 6*x - u*x. Calculate m(10).
-2
Suppose 18*h + 328 = -23*h. Let y(x) = x**3 - 64*x + 2. Give y(h).
2
Suppose -4*n - 2 = 2, 0 = 5*y - 5*n - 35. Suppose -8*k + y = -26. Let p(c) = 2*c**2 - 7*c - 1. Determine p(k).
3
Let z(a) = -2*a**2 + 3*a**2 - 2*a**2 - 9*a - 5. Let x = 1393 - 1399. Let l be 186/279 + 1 + 52/x. Calculate z(l).
9
Let t(f) = 11*f + 4. Let q(n) = -28*n - 20. Let s(i) = 55*i + 38. Let x(b) = -11*q(b) - 6*s(b). Let r(z) = 13*t(z) + 6*x(z). What is r(3)?
37
Let i(m) be the third derivative of 7*m**6/60 + m**5/30 - m**4/24 - 51*m**2 + 4. What is i(1)?
15
Let i(r) = 8*r**2 - 44 - 14*r + 20 + 11 + r**3. Let d be ((-49)/(-7))/(-14) + (-17)/2. What is i(d)?
32
Let d(l) = 375*l**3 + l**2 + 11*l**2 + 5*l + 9*l**2 - 374*l**3 - 20*l**2 + 55. Calculate d(0).
55
Let w(m) be the second derivative of 5*m**3/6 + 7*m**2 + 1409*m. Determine w(13).
79
Let g(l) = 5*l - 481*l**3 + 2*l**2 - 2*l**2 + 480*l**3 - 4*l. Suppose -3*r + 47 = 41. Calculate g(r).
-6
Let h(b) = 10*b + 5. Suppose 0 = -3*x - 2*z - 15, -40*x = -35*x - z - 1. Determine h(x).
-5
Let t(a) be the second derivative of -a**5/20 - 17*a**4/12 + 2*a**3/3 + 7*a**2 - 1237*a. Give t(-17).
-54
Let q(n) = -52*n - 23. Let m(f) = 29*f + 12. Let u(r) = 9*m(r) + 5*q(r). Calculate u(-3).
-10
Let r be (-4)/10 - (-2)/5. Let u = -1073 + 1090. Let w(t) = 2*t - 6*t - 14*t - 3 + u*t. What is w(r)?
-3
Let y(j) be the third derivative of j**4/24 - 5*j**2 + 30*j. Suppose -2*i = -6*i. Let p = i + 6. Give y(p).
6
Let w(s) = 57*s + 3012. Let h be w(-53). Let i(t) = -2*t**2 - 18*t. What is i(h)?
0
Let i(y) = -18*y**2 - 1225*y - 52. Let g be i(-68). Let o(a) = a**3 - 17*a**2 + 11*a + 2. What is o(g)?
-78
Let m = 5 - 6. Let f(h) = -h**2 - 5*h - 24. Let j(u) = -2*u**2 - 11*u - 52. Let o(d) = 13*f(d) - 6*j(d). Determine o(m).
-2
Let v = -28 - -33. Let c(a) = a - a**3 + 18*a**2 + 13*a - 3 - v*a**2. What is c(14)?
-3
Let a(n) = 302*n + 3330. Let h be a(-11). Let u(v) = v**2 - 5*v - 18. Calculate u(h).
6
Let l(j) = -j**2 - 13956*j - 19 - 13943*j + 27880*j. Calculate l(-18).
-1
Let r(x) = 108*x - 1410. Let c be r(13). Let o(p) = 13*p + 4. Determine o(c).
-74
Let l(h) be the third derivative of h**5/60 + 5*h**4/6 + 53*h**3/6 + 206*h**2. What is l(-12)?
-43
Let l(v) = 12*v**3 + v. Let i(y) = 38*y - 2621. Let o be i(69). What is l(o)?
13
Let c(g) = g**2 + 5*g + 4. Let w be c(-3). Let a(t) = 4 + 972*t - 3792*t + 2822*t + t**3. Give a(w).
-8
Let v(o) = -74*o + 40 + 35 + 54*o - 17*o + 49*o. What is v(-6)?
3
Let m = 85 + -82. Suppose -3*g - 20 = g, m*v + 35 = -4*g. Let w(r) = -r**3 - 6*r**2 - 5*r - 5. Determine w(v).
-5
Let x(v) = 2*v + 15. Let z be x(-3). Suppose -2*p + 15 = z. Let l(y) = 4*y**2 - 4 + 33*y - 35*y - y**3 + 2*y**p. What is l(-4)?
4
Let d(l) = 16*l - 435. Suppose 497*f - 56 = -2*m + 495*f, 5*f = 5. Determine d(m).
-3
Let h(q) = -q**3 + 54*q**2 + 233*q - 52. Let l be h(58). Let v(p) = 6*p - 25. Determine v(l).
11
Let t = -64 + 69. Let v(p) = 7*p**3 - 9*p**2 - 17*p - 21. Let i(g) = -10*g**3 + 14*g**2 + 25*g + 31. Let q(x) = t*i(x) + 7*v(x). Give q(8).
-8
Suppose 328 = 51*u + 23*u - 338. Let c(d) = -d + 13. Determine c(u).
4
Let u(w) = w**3 - 7*w**2 - 3*w. Let x be (-6399)/9 - -8 - 7. Let o = x + 718. Calculate u(o).
40
Suppose 0*g - g = -2. Let u(d) = -d**2 + d**3 - 22 - 4*d**g + 30 - 9*d. What is u(6)?
-10
Let u be (-320)/(-128) + 69/(-6). Let f(i) = -16*i - 145. Give f(u).
-1
Let z = 32 + -63. Let x = 26 + z. Let w(j) = 5*j**3 - 10*j**2 - 1. Let t(r) = -11*r**3 + 21*r**2 + r + 1. Let v(n) = -6*t(n) - 13*w(n). Give v(x).
12
Let j be ((-138)/(-4))/((-1)/2). Let u = -63 - j. Let o(h) = 9*h + h - u*h - 5 + h. Calculate o(5).
20
Let m(j) = -2*j - 4. Let f(y) = y**2 + 2*y + 1. Let q be f(-8). Let w = -44 + q. Suppose -3*l = w*v - 46, 6*l - 3*v = 2*l + 13. Determine m(l).
-18
Let o(c) = 35*c - 5. Let d(x) = 64*x - 9. Let j(u) = -6*d(u) + 11*o(u). Let l(t) = -5*t. Let v(r) = 4*j(r) + l(r). What is v(4)?
-8
Let c(k) = 8*k - k + 3*k - 7 - 3*k - k**2 - 5*k. Determine c(0).
-7
Let r be 27/18*8/6. Let n(o) = -o**3 - o**2. Let a(p) = 4*p**2 - 2*p**3 - 1 + 3*p**3 - p + 0*p**3. Let j(d) = a(d) + 2*n(d). What is j(r)?
-3
Let s(o) = 3*o**2 + 8 + 3*o - 5*o**2 + 39*o - 41*o. Calculate s(3).
-7
Suppose h - 31 = -33. Let f be 4/(-8) + 10/4. Let j(r) = -12 + f*r + 13 + 6*r. Give j(h).
-15
Let o be 2 + (1 + -1)*19/(-38). Let m(c) = -5*c**o + 292*c - 280*c + 4*c**2 + 6. Determine m(13).
-7
Let v(t) = 2*t + 9*t + 14 - 13*t + 7*t**3 + 7*t**3 - 10*t**2 - 13*t**3. Suppose -s + 25 = 4*s. Suppose -s*d = -41 - 9. Determine v(d).
-6
Let a(y) = -y**3 - 22 - 24*y - 4 + 10*y + 69*y**2 - 78*y**2. Give a(-8).
22
Let o(m) = -5*m**2 - 11. Let n = -285 + 279. Let a(p) = 7*p**2 + 12 - p**2 - 2*p + 3*p. Let d(c) = n*a(c) - 7*o(c). Determine d(-5).
10
Let k = -103 - -91. Let s be -3*14/k + 1/2. Let w be 8/(-6)*((-18)/s)/(-3). Let j(i) = -3*i**2 - 4*i - 2. Calculate j(w).
-6
Let x(p) be the first derivative of p - 144 - 1/2*p**2 - 32/3*p**3. Calculate x(1).
-32
Let t be ((-152)/40 - -9) + 1/(-5). Let i(k) = -k**3 + 0*k - k + 0*k**3 - t*k**2 + 4*k - 6*k. Suppose -3*w - 21 = -v - v, v + 12 = -3*w. Give i(w).
15
Suppose 5*p + 5 = -f + 18, 2 = p. Suppose -8 = -5*k - q, -q = 4*k - k - 4. Let c(a) = -3 - 12*a**2 + 20*a**2 + k*a - 9*a**2. Calculate c(f).
-6
Suppose -5*n = 7*n - 648. Let b = -48 + n. Let h(q) = q**2 - b*q + 20 - q - 25. What is h(6)?
-11
Let n(a) = -2*a**3 - 59*a**2 - 28*a + 53. Let v be -25 - (-21)/((-210)/40). Determine n(v).
24
Let c(k) be the first derivative of 0*k + 16/3*k**3 + 1/120*k**5 + 1/24*k**4 - 4 + 0*k**2. Let m(o) be the third derivative of c(o). Determine m(-4).
-3
Let j(u) = u**2 - 2. Let l(z) = 12*z**2 + 28*z + 29. Let q be l(-1). Suppose 4*c = -2*v + q - 1, -2*v = -5*c + 15. Determine j(c).
7
Let i = 358 - 353. Suppose -5*r + 3*z = 60, 3*z = -i*r + 6*r + 24. Let q(s) = -6 - 2 - s - 3 + 0*s. What is q(r)?
-2
Let f(x) = 4*x**3 - x. Let q = -6839 + 6837. Determine f(q).
-30
Let i(z) = z**2 + z + 14. Let a(n) = -4*n**2 - 45*n - 320. Let y(r) = -3*r**2 - 46*r - 320. Let x(s) = -2*a(s) + 3*y(s). Let l be x(-8). Determine i(l).
14
Let l = 6218 - 6219. Let w(q) = -3*q**2 + 9*q + 10. What is w(l)?
-2
Let i(g) = g**2 + 21*g - 1. Let o(h) = -2*h**3 - 81*h**2 - 121*h - 156. Let w be o(-39). Give i(w).
-1
Let d be (-340)/102*12/(-10). Let i(p) = 10*p**2 - 2 + 8*p**2 + d*p + 1 + 3*p**2 - 18*p**2. Determine i(-3).
14
Suppose -7 = w + 3*d - 3, 2*d + 12 = 4*w. Suppose -3*v = -w*t - 7, -3*v - v - t = -13. Let a(x) = -7*x**3 - 2*x**3 + 14*x**3 + 0*x**v. What is a(1)?
5
Let x be -2 - (0 - -1)*-1. Let f(w) = 167*w - 3*w**2 - 3 + 168*w - 338*w. Let q(z) = -z - 1. Let d(m) = x*f(m) + 2*q(m). What is d(-1)?
3
Let t(h) = -2*h**3 + h**2 + h - 1. Let b be t(1). Let i(s) = 6*s + 42. Let g(k) = -4*k - 27. Let f(x) = -14*g(x) - 9*i(x). Calculate f(b).
-2
Let o(b) = -b**3 - 6*b**2 - 6*b + 1. Let c be 12/4 - (4 - 11). Suppose c = -6*f + 11*f. Suppose -f*v + 4*q = 26, -q + 0*q = -3*v - 19. What is o(v)?
6
Let i be 5/40 - (-47)/8. Suppose 2*q = 4*q - i. Let s(k) be the third derivative of -k**5/60 + k**4/6 - k**3/6 - 3*k**2 + 120*k. Determine s(q).
2
Let k(x) = -3 - 6*x - 2*x**3 + 6 + 3*x**3 - 5*x**2. Suppose 24 = -17*j + 19*j. Let t be (24/22)/((96/44)/j). Calculate k(t).
3
Suppose 0 = 3*v - 9, -4 - 3 = 4*x - 5*v. Suppose h + x = 2*h. Let u(w) = -w**2 + 0 + 3*w**2 - 2*w**3 - 4*w**2 + 2*w + h. Determine u(2).
-18
Let j(h) be the second derivative of h**3/3 - 2*h**2 + 213*h. Let n(o) = 4*o + o - 3*o + 13. Let u be n(-5). Calculate j(u).
2
Let c(x) = 14*x**2 + 12*x + 13. Let w(n) = -12*n**2 - 9*n - 11. Let a(b) = 5*c(b) + 6*w(b). Calculate a(4).
-9
Let k(p) = -17